{"id":80,"date":"2025-08-16T11:24:52","date_gmt":"2025-08-16T09:24:52","guid":{"rendered":"https:\/\/3dausnrw.de\/?post_type=product&#038;p=80"},"modified":"2026-05-05T14:23:16","modified_gmt":"2026-05-05T12:23:16","slug":"persoenliches-lithophane-3d-druck-geschenk-mit-ihrem-foto","status":"publish","type":"product","link":"https:\/\/3dausnrw.de\/index.php\/produkt\/persoenliches-lithophane-3d-druck-geschenk-mit-ihrem-foto\/","title":{"rendered":"Pers\u00f6nliches Lithophane \u2013 3D-Druck Geschenk mit Ihrem Foto"},"content":{"rendered":"<hr data-start=\"46\" data-end=\"49\" \/>\n<p data-start=\"51\" data-end=\"363\">Gestalten Sie Ihr pers\u00f6nliches 3D-Lithophane mit Ihrem eigenen Bild!<br data-start=\"119\" data-end=\"122\" \/>Laden Sie einfach Ihr Foto hoch, w\u00e4hlen Sie die gew\u00fcnschte Gr\u00f6\u00dfe \u2013 den Rest \u00fcbernehmen wir. Ihr individuelles Kunstwerk wird speziell f\u00fcr Sie im 3D-Druckverfahren hergestellt und sorgf\u00e4ltig nachbearbeitet.<\/p>\n<p data-start=\"365\" data-end=\"390\"><strong data-start=\"365\" data-end=\"388\">Bitte beachten Sie:<\/strong><\/p>\n<ul data-start=\"392\" data-end=\"855\">\n<li data-start=\"392\" data-end=\"514\">\n<p data-start=\"394\" data-end=\"514\">Durch das 3D-Druckverfahren entstehen typische, feine Schichtlinien (Rillen), die Teil des besonderen Charakters sind.<\/p>\n<\/li>\n<li data-start=\"515\" data-end=\"581\">\n<p data-start=\"517\" data-end=\"581\">Kanten k\u00f6nnen leicht scharf sein \u2013 bitte vorsichtig handhaben.<\/p>\n<\/li>\n<li data-start=\"582\" data-end=\"697\">\n<p data-start=\"584\" data-end=\"697\">Jedes Lithophane ist ein individuell gefertigtes Unikat, das vor dem Versand kontrolliert und vorbereitet wird.<\/p>\n<\/li>\n<li data-start=\"698\" data-end=\"855\">\n<p data-start=\"700\" data-end=\"855\">Aufgrund des erforderlichen Rahmens k\u00f6nnen an den Bildr\u00e4ndern wenige Millimeter abgeschnitten werden. Bitte ber\u00fccksichtigen Sie dies bei der Bildauswahl.<\/p>\n<\/li>\n<\/ul>\n<p data-start=\"857\" data-end=\"1169\"><strong data-start=\"857\" data-end=\"903\">Hinweis zur Personalisierung:<\/strong><br data-start=\"903\" data-end=\"906\" \/>Mit dem Hochladen Ihres Bildes versichern Sie, dass Sie s\u00e4mtliche Rechte daran besitzen oder zur Nutzung berechtigt sind. Sie stellen 3DausNRW von allen Anspr\u00fcchen Dritter frei, die aufgrund von Urheber- oder Pers\u00f6nlichkeitsrechtsverletzungen entstehen k\u00f6nnten.<br \/>\nDieses Produkt wird individuell nach Ihren Vorgaben gefertigt. Daher ist das Widerrufsrecht gem\u00e4\u00df \u00a7 312g Abs. 2 Nr. 1 BGB ausgeschlossen.<\/p>\n","protected":false},"excerpt":{"rendered":"<p>Personalisierte 3D-Lithophane mit Ihrem Wunschfoto. Ein einzigartiges Geschenk f\u00fcr jeden Anlass.<\/p>\n","protected":false},"featured_media":386,"comment_status":"open","ping_status":"closed","template":"","meta":[],"product_brand":[],"product_cat":[43,50],"product_tag":[35,40,41,37,39,38,34,36],"class_list":{"0":"post-80","1":"product","2":"type-product","3":"status-publish","4":"has-post-thumbnail","6":"product_cat-lithophane","7":"product_cat-personalisiert","8":"product_tag-3d-druck","9":"product_tag-dekoration","10":"product_tag-einzigartig","11":"product_tag-foto-geschenk","12":"product_tag-geschenkidee","13":"product_tag-led-beleuchtung","14":"product_tag-lithophane","15":"product_tag-personalisierbar","17":"first","18":"instock","19":"shipping-taxable","20":"purchasable","21":"product-type-variable"},"yoast_head":"<!-- This site is optimized with the Yoast SEO plugin v27.0 - https:\/\/yoast.com\/product\/yoast-seo-wordpress\/ -->\n<title>Pers\u00f6nliches Lithophane \u2013 3D-Druck Geschenk mit Ihrem Foto - 3D aus NRW<\/title>\n<meta name=\"robots\" content=\"index, follow, max-snippet:-1, max-image-preview:large, max-video-preview:-1\" \/>\n<link rel=\"canonical\" href=\"https:\/\/3dausnrw.de\/index.php\/produkt\/persoenliches-lithophane-3d-druck-geschenk-mit-ihrem-foto\/\" \/>\n<meta property=\"og:locale\" content=\"de_DE\" \/>\n<meta property=\"og:type\" content=\"article\" \/>\n<meta property=\"og:title\" content=\"Pers\u00f6nliches Lithophane \u2013 3D-Druck Geschenk mit Ihrem Foto - 3D aus NRW\" \/>\n<meta property=\"og:description\" content=\"Personalisierte 3D-Lithophane mit Ihrem Wunschfoto. Ein einzigartiges Geschenk f\u00fcr jeden Anlass.\" \/>\n<meta property=\"og:url\" content=\"https:\/\/3dausnrw.de\/index.php\/produkt\/persoenliches-lithophane-3d-druck-geschenk-mit-ihrem-foto\/\" \/>\n<meta property=\"og:site_name\" content=\"3D aus NRW\" \/>\n<meta property=\"article:modified_time\" content=\"2026-05-05T12:23:16+00:00\" \/>\n<meta property=\"og:image\" content=\"https:\/\/3dausnrw.de\/wp-content\/uploads\/2026\/05\/Fehmarn_Demo-scaled-1.jpg\" \/>\n\t<meta property=\"og:image:width\" content=\"2560\" \/>\n\t<meta property=\"og:image:height\" content=\"2560\" \/>\n\t<meta property=\"og:image:type\" content=\"image\/jpeg\" \/>\n<meta name=\"twitter:card\" content=\"summary_large_image\" \/>\n<meta name=\"twitter:label1\" content=\"Gesch\u00e4tzte Lesezeit\" \/>\n\t<meta name=\"twitter:data1\" content=\"2\u00a0Minuten\" \/>\n<script type=\"application\/ld+json\" class=\"yoast-schema-graph\">{\"@context\":\"https:\/\/schema.org\",\"@graph\":[{\"@type\":\"WebPage\",\"@id\":\"https:\/\/3dausnrw.de\/index.php\/produkt\/persoenliches-lithophane-3d-druck-geschenk-mit-ihrem-foto\/\",\"url\":\"https:\/\/3dausnrw.de\/index.php\/produkt\/persoenliches-lithophane-3d-druck-geschenk-mit-ihrem-foto\/\",\"name\":\"Pers\u00f6nliches Lithophane \u2013 3D-Druck Geschenk mit Ihrem Foto - 3D aus NRW\",\"isPartOf\":{\"@id\":\"https:\/\/3dausnrw.de\/#website\"},\"primaryImageOfPage\":{\"@id\":\"https:\/\/3dausnrw.de\/index.php\/produkt\/persoenliches-lithophane-3d-druck-geschenk-mit-ihrem-foto\/#primaryimage\"},\"image\":{\"@id\":\"https:\/\/3dausnrw.de\/index.php\/produkt\/persoenliches-lithophane-3d-druck-geschenk-mit-ihrem-foto\/#primaryimage\"},\"thumbnailUrl\":\"https:\/\/3dausnrw.de\/wp-content\/uploads\/2026\/05\/Fehmarn_Demo-scaled-1.jpg\",\"datePublished\":\"2025-08-16T09:24:52+00:00\",\"dateModified\":\"2026-05-05T12:23:16+00:00\",\"breadcrumb\":{\"@id\":\"https:\/\/3dausnrw.de\/index.php\/produkt\/persoenliches-lithophane-3d-druck-geschenk-mit-ihrem-foto\/#breadcrumb\"},\"inLanguage\":\"de\",\"potentialAction\":[{\"@type\":\"ReadAction\",\"target\":[\"https:\/\/3dausnrw.de\/index.php\/produkt\/persoenliches-lithophane-3d-druck-geschenk-mit-ihrem-foto\/\"]}]},{\"@type\":\"ImageObject\",\"inLanguage\":\"de\",\"@id\":\"https:\/\/3dausnrw.de\/index.php\/produkt\/persoenliches-lithophane-3d-druck-geschenk-mit-ihrem-foto\/#primaryimage\",\"url\":\"https:\/\/3dausnrw.de\/wp-content\/uploads\/2026\/05\/Fehmarn_Demo-scaled-1.jpg\",\"contentUrl\":\"https:\/\/3dausnrw.de\/wp-content\/uploads\/2026\/05\/Fehmarn_Demo-scaled-1.jpg\",\"width\":2560,\"height\":2560},{\"@type\":\"BreadcrumbList\",\"@id\":\"https:\/\/3dausnrw.de\/index.php\/produkt\/persoenliches-lithophane-3d-druck-geschenk-mit-ihrem-foto\/#breadcrumb\",\"itemListElement\":[{\"@type\":\"ListItem\",\"position\":1,\"name\":\"Startseite\",\"item\":\"https:\/\/3dausnrw.de\/\"},{\"@type\":\"ListItem\",\"position\":2,\"name\":\"Shop\",\"item\":\"https:\/\/3dausnrw.de\/\"},{\"@type\":\"ListItem\",\"position\":3,\"name\":\"Pers\u00f6nliches Lithophane \u2013 3D-Druck Geschenk mit Ihrem Foto\"}]},{\"@type\":\"WebSite\",\"@id\":\"https:\/\/3dausnrw.de\/#website\",\"url\":\"https:\/\/3dausnrw.de\/\",\"name\":\"3D aus NRW\",\"description\":\"Individuell &amp; Einzigartig\",\"publisher\":{\"@id\":\"https:\/\/3dausnrw.de\/#organization\"},\"potentialAction\":[{\"@type\":\"SearchAction\",\"target\":{\"@type\":\"EntryPoint\",\"urlTemplate\":\"https:\/\/3dausnrw.de\/?s={search_term_string}\"},\"query-input\":{\"@type\":\"PropertyValueSpecification\",\"valueRequired\":true,\"valueName\":\"search_term_string\"}}],\"inLanguage\":\"de\"},{\"@type\":\"Organization\",\"@id\":\"https:\/\/3dausnrw.de\/#organization\",\"name\":\"3D aus NRW\",\"url\":\"https:\/\/3dausnrw.de\/\",\"logo\":{\"@type\":\"ImageObject\",\"inLanguage\":\"de\",\"@id\":\"https:\/\/3dausnrw.de\/#\/schema\/logo\/image\/\",\"url\":\"https:\/\/3dausnrw.de\/wp-content\/uploads\/2025\/11\/Icon-Kopie.png\",\"contentUrl\":\"https:\/\/3dausnrw.de\/wp-content\/uploads\/2025\/11\/Icon-Kopie.png\",\"width\":511,\"height\":502,\"caption\":\"3D aus NRW\"},\"image\":{\"@id\":\"https:\/\/3dausnrw.de\/#\/schema\/logo\/image\/\"}}]}<\/script>\n<!-- \/ Yoast SEO plugin. -->","yoast_head_json":{"title":"Pers\u00f6nliches Lithophane \u2013 3D-Druck Geschenk mit Ihrem Foto - 3D aus NRW","robots":{"index":"index","follow":"follow","max-snippet":"max-snippet:-1","max-image-preview":"max-image-preview:large","max-video-preview":"max-video-preview:-1"},"canonical":"https:\/\/3dausnrw.de\/index.php\/produkt\/persoenliches-lithophane-3d-druck-geschenk-mit-ihrem-foto\/","og_locale":"de_DE","og_type":"article","og_title":"Pers\u00f6nliches Lithophane \u2013 3D-Druck Geschenk mit Ihrem Foto - 3D aus NRW","og_description":"Personalisierte 3D-Lithophane mit Ihrem Wunschfoto. Ein einzigartiges Geschenk f\u00fcr jeden Anlass.","og_url":"https:\/\/3dausnrw.de\/index.php\/produkt\/persoenliches-lithophane-3d-druck-geschenk-mit-ihrem-foto\/","og_site_name":"3D aus NRW","article_modified_time":"2026-05-05T12:23:16+00:00","og_image":[{"width":2560,"height":2560,"url":"https:\/\/3dausnrw.de\/wp-content\/uploads\/2026\/05\/Fehmarn_Demo-scaled-1.jpg","type":"image\/jpeg"}],"twitter_card":"summary_large_image","twitter_misc":{"Gesch\u00e4tzte Lesezeit":"2\u00a0Minuten"},"schema":{"@context":"https:\/\/schema.org","@graph":[{"@type":"WebPage","@id":"https:\/\/3dausnrw.de\/index.php\/produkt\/persoenliches-lithophane-3d-druck-geschenk-mit-ihrem-foto\/","url":"https:\/\/3dausnrw.de\/index.php\/produkt\/persoenliches-lithophane-3d-druck-geschenk-mit-ihrem-foto\/","name":"Pers\u00f6nliches Lithophane \u2013 3D-Druck Geschenk mit Ihrem Foto - 3D aus NRW","isPartOf":{"@id":"https:\/\/3dausnrw.de\/#website"},"primaryImageOfPage":{"@id":"https:\/\/3dausnrw.de\/index.php\/produkt\/persoenliches-lithophane-3d-druck-geschenk-mit-ihrem-foto\/#primaryimage"},"image":{"@id":"https:\/\/3dausnrw.de\/index.php\/produkt\/persoenliches-lithophane-3d-druck-geschenk-mit-ihrem-foto\/#primaryimage"},"thumbnailUrl":"https:\/\/3dausnrw.de\/wp-content\/uploads\/2026\/05\/Fehmarn_Demo-scaled-1.jpg","datePublished":"2025-08-16T09:24:52+00:00","dateModified":"2026-05-05T12:23:16+00:00","breadcrumb":{"@id":"https:\/\/3dausnrw.de\/index.php\/produkt\/persoenliches-lithophane-3d-druck-geschenk-mit-ihrem-foto\/#breadcrumb"},"inLanguage":"de","potentialAction":[{"@type":"ReadAction","target":["https:\/\/3dausnrw.de\/index.php\/produkt\/persoenliches-lithophane-3d-druck-geschenk-mit-ihrem-foto\/"]}]},{"@type":"ImageObject","inLanguage":"de","@id":"https:\/\/3dausnrw.de\/index.php\/produkt\/persoenliches-lithophane-3d-druck-geschenk-mit-ihrem-foto\/#primaryimage","url":"https:\/\/3dausnrw.de\/wp-content\/uploads\/2026\/05\/Fehmarn_Demo-scaled-1.jpg","contentUrl":"https:\/\/3dausnrw.de\/wp-content\/uploads\/2026\/05\/Fehmarn_Demo-scaled-1.jpg","width":2560,"height":2560},{"@type":"BreadcrumbList","@id":"https:\/\/3dausnrw.de\/index.php\/produkt\/persoenliches-lithophane-3d-druck-geschenk-mit-ihrem-foto\/#breadcrumb","itemListElement":[{"@type":"ListItem","position":1,"name":"Startseite","item":"https:\/\/3dausnrw.de\/"},{"@type":"ListItem","position":2,"name":"Shop","item":"https:\/\/3dausnrw.de\/"},{"@type":"ListItem","position":3,"name":"Pers\u00f6nliches Lithophane \u2013 3D-Druck Geschenk mit Ihrem Foto"}]},{"@type":"WebSite","@id":"https:\/\/3dausnrw.de\/#website","url":"https:\/\/3dausnrw.de\/","name":"3D aus NRW","description":"Individuell &amp; Einzigartig","publisher":{"@id":"https:\/\/3dausnrw.de\/#organization"},"potentialAction":[{"@type":"SearchAction","target":{"@type":"EntryPoint","urlTemplate":"https:\/\/3dausnrw.de\/?s={search_term_string}"},"query-input":{"@type":"PropertyValueSpecification","valueRequired":true,"valueName":"search_term_string"}}],"inLanguage":"de"},{"@type":"Organization","@id":"https:\/\/3dausnrw.de\/#organization","name":"3D aus NRW","url":"https:\/\/3dausnrw.de\/","logo":{"@type":"ImageObject","inLanguage":"de","@id":"https:\/\/3dausnrw.de\/#\/schema\/logo\/image\/","url":"https:\/\/3dausnrw.de\/wp-content\/uploads\/2025\/11\/Icon-Kopie.png","contentUrl":"https:\/\/3dausnrw.de\/wp-content\/uploads\/2025\/11\/Icon-Kopie.png","width":511,"height":502,"caption":"3D aus NRW"},"image":{"@id":"https:\/\/3dausnrw.de\/#\/schema\/logo\/image\/"}}]}},"jetpack_sharing_enabled":true,"_links":{"self":[{"href":"https:\/\/3dausnrw.de\/index.php\/wp-json\/wp\/v2\/product\/80","targetHints":{"allow":["GET"]}}],"collection":[{"href":"https:\/\/3dausnrw.de\/index.php\/wp-json\/wp\/v2\/product"}],"about":[{"href":"https:\/\/3dausnrw.de\/index.php\/wp-json\/wp\/v2\/types\/product"}],"replies":[{"embeddable":true,"href":"https:\/\/3dausnrw.de\/index.php\/wp-json\/wp\/v2\/comments?post=80"}],"wp:featuredmedia":[{"embeddable":true,"href":"https:\/\/3dausnrw.de\/index.php\/wp-json\/wp\/v2\/media\/386"}],"wp:attachment":[{"href":"https:\/\/3dausnrw.de\/index.php\/wp-json\/wp\/v2\/media?parent=80"}],"wp:term":[{"taxonomy":"product_brand","embeddable":true,"href":"https:\/\/3dausnrw.de\/index.php\/wp-json\/wp\/v2\/product_brand?post=80"},{"taxonomy":"product_cat","embeddable":true,"href":"https:\/\/3dausnrw.de\/index.php\/wp-json\/wp\/v2\/product_cat?post=80"},{"taxonomy":"product_tag","embeddable":true,"href":"https:\/\/3dausnrw.de\/index.php\/wp-json\/wp\/v2\/product_tag?post=80"}],"curies":[{"name":"wp","href":"https:\/\/api.w.org\/{rel}","templated":true}]}}